mon divisor of o and 10?
10
Let t = -44 + 62. Let r(k) = -19*k + 11. Let w(h) = -3*h + 2. Let z(l) = 6*r(l) - 39*w(l). Let j be z(10). Calculate the highest common divisor of t and j.
18
Suppose -120*d - 189 = -141*d. What is the highest common divisor of 432 and d?
9
Suppose 303 = 74*l - 807. Let v be (-60 + 0)*(-14)/8. What is the greatest common divisor of v and l?
15
Let d = 91 - 86. Suppose 32 = 4*g - 48. Calculate the greatest common factor of d and g.
5
Suppose 0 = 2*b + b + j - 70, 2*j = -4*b + 90. Let n = b + -116. Let i be (-2898)/n + 2/13. What is the highest common factor of i and 8?
8
Suppose -160 = -8*k + 3*k. Suppose -k*f = -37*f + 25. Suppose s + 484 = f*s. What is the greatest common divisor of 11 and s?
11
Let x = 15 - 11. Suppose t - 145 = -x*t. What is the greatest common divisor of t and 261?
29
Let n(g) = g**3 + 6*g**2 - 5*g + 11. Let v be n(-6). Let d = v + -30. Calculate the highest common factor of d and 99.
11
Suppose 0 = -43*q + 55*q - 504. Suppose 5*p = -4 - 1. Let o be (6/(-4))/(p/42). What is the highest common divisor of o and q?
21
Let q = 9 - 6. Suppose q*a - 27 = -3*g, 2*g + 3*g - 3*a = 69. Suppose 5*i - 2*m - 300 = 0, -2*m = 3*m. Calculate the greatest common factor of i and g.
12
Suppose -2*v - 28 = 4*i - 4, -4*i = -3*v + 14. Let r(z) = -6*z - 10. Let l be r(v). Calculate the highest common factor of 6 and l.
2
Suppose -3*l + 5*t + 35 = 8, 5*l - 3*t - 45 = 0. Let g be 4*3/(l/15). Suppose -5*z = -0*z - 40. What is the greatest common factor of z and g?
4
Suppose 2*m - m - 4 = 0, -2*i - 5*m + 80 = 0. What is the greatest common factor of 10 and i?
10
Let w(h) = h**2 + h. Let c be w(-4). Let n be (2 - c)/(1/(-6)). Let u = 217 - 193. What is the highest common factor of u and n?
12
Let b(d) = 18*d + 5. Let q be b(2). Suppose 0 = n - 4*w - q, -3*n + 0*w + 109 = -5*w. Calculate the greatest common divisor of n and 264.
33
Let q(f) = 10*f - 5. Let s be q(2). Suppose -28*t + 25*t = -45. What is the highest common divisor of t and s?
15
Suppose -7*w + 4*w + 30 = 0. Suppose 0 = 14*p - 19*p + 2*b + 244, -5*b = 5*p - 265. What is the highest common divisor of w and p?
10
Suppose u = -f - 148, -5*u + 6*f = 2*f + 758. Let q = u - -206. Calculate the highest common factor of 7 and q.
7
Let h(n) = 2*n**2 + 5*n + 7. Let s be h(-7). What is the highest common factor of 30 and s?
10
Suppose 3*o + 2*t - t = 18, 4*o - 2*t - 34 = 0. Calculate the highest common factor of 42 and o.
7
Suppose q - 20 = 6. Let s = -24 + -12. Let l = s - -75. What is the greatest common factor of q and l?
13
Let c(i) = 2*i + 2. Let x be c(-3). Let r(p) be the first derivative of -5*p**2/2 - 5*p - 9. Let z be r(x). What is the highest common factor of 10 and z?
5
Let i be (-64)/(80/10) - -2168. Calculate the highest common divisor of 80 and i.
80
Let l(x) = 32*x - 20 - 25 + 37. Let q be l(2). What is the greatest common factor of 7 and q?
7
Let s(j) = -9*j - 1. Let h be s(-2). Suppose -r = 5, -u = 4*r - 59 - 57. Calculate the greatest common factor of h and u.
17
Let w(m) = m**3 + 14*m**2 - 4*m + 7. Let s be w(3). What is the highest common divisor of 37 and s?
37
Suppose 4*v - 464 = -25*v. Calculate the greatest common factor of 12 and v.
4
Suppose -7*z + 81 = 2*z. Suppose 0 = -3*a - a + 3*t + 340, -t + 444 = 5*a. Let r = a + -43. What is the highest common divisor of z and r?
9
Suppose -2*h = h - 72. Suppose -4*i + 0*i = 12, 3*v + i = 6. Suppose j - 56 = -v*b + 208, j + b - 264 = 0. Calculate the highest common factor of h and j.
24
Let t(l) = 25*l + 86. Let m be t(-2). Calculate the greatest common factor of m and 90.
18
Let s = -29 - -29. Suppose s = -3*l + 79 + 17. Calculate the greatest common factor of 352 and l.
32
Let a = 28 - 30. Let z be -2 - a*18/1. Let h be (-7)/((3/68)/((-9)/6)). What is the highest common divisor of h and z?
34
Let d be (8/2)/(4/(-720)*-3). Suppose 30 = -5*q + d. Let j be (-878)/(-14) - 8/(-28). What is the highest common divisor of q and j?
21
Let t(a) = -a**3 - 7*a**2 - 10*a - 17. Suppose 4*s = 16 - 40. Let x be t(s). Let c = 2 - -5. What is the greatest common factor of x and c?
7
Let y = 77 + -71. Suppose -3*g - y*o + 213 = -3*o, -134 = -2*g + 2*o. Calculate the greatest common factor of g and 23.
23
Suppose 0 = 3*b - 7*b + 320. Suppose -24*t = -42*t + 2160. What is the greatest common factor of b and t?
40
Suppose 157*h - 4482 = 151*h. What is the highest common divisor of h and 166?
83
Suppose 0 = 6*v - 7 - 35. Calculate the highest common divisor of 77 and v.
7
Let v(j) = -2*j**3 - 20*j**2 - 3*j + 10. Let p be v(-10). What is the highest common factor of 8 and p?
8
Let f = 22 - -34. Let q = 1497 - 1483. Calculate the greatest common factor of f and q.
14
Suppose -i + z - 2 = -11, 0 = 4*i + 5*z - 36. Let m = 12 - i. Let c be (-1)/m + (-332)/(-6). Calculate the highest common divisor of c and 11.
11
Suppose 3*m - 26 = -4*p, 5*p - 5*m - 27 = -12. Suppose -y = -p*u - 42, -4*y + 0*u = -2*u - 168. What is the highest common factor of 28 and y?
14
Let g(q) be the first derivative of -2*q**3/3 - q**2 + 2*q - 5. Let i be g(-2). Let k be (-21)/i + 4/(-8). What is the greatest common divisor of 5 and k?
5
Let u be ((-4)/7)/((-29)/((-17255)/(-10))). Calculate the greatest common divisor of u and 17.
17
Let s be 1/3 + (-840)/9. Let j = s - -173. Suppose 0 = 2*i - p - 63, 4*i - 5*p - 42 - 81 = 0. What is the greatest common divisor of i and j?
16
Suppose 0 = -9*y + 3*y + 930. Suppose 5*q + 5*a - y = 0, -q + 128 = 3*q + 2*a. Calculate the greatest common factor of 11 and q.
11
Let n(g) = g**3 - 8*g**2 + 9. Let b be n(7). Let v = 23 + b. Let r = -9 - v. Calculate the greatest common factor of r and 12.
4
Suppose -7*v + 158 - 4 = 0. Calculate the greatest common divisor of v and 638.
22
Let x = 895 - 479. What is the greatest common divisor of x and 32?
32
Let a(g) = -4*g - 4. Let w be a(-7). Suppose -187*h = -181*h - 1296. Calculate the highest common divisor of w and h.
24
Suppose -166 + 431 = 4*w - m, 2*m + 205 = 3*w. Let j = -48 + w. What is the highest common divisor of 187 and j?
17
Suppose -5*h + 17 - 2 = 0. Let b be (h + 220/(-12))/((-1)/3). What is the greatest common factor of b and 23?
23
Let d(t) = t**2 - 11*t - 5. Let n be d(11). Let m be n/(15/(-9)) - 17. Let q be m/((-13)/6 + 2). Calculate the highest common factor of q and 12.
12
Let r be (-3)/2 - (-35)/14. Let y = 3 + -2. Calculate the greatest common factor of y and r.
1
Let d be 0 + -3 - -45 - 1. Suppose 3*y + 2*x - 4*x - 30 = 0, -3*x = -4*y + d. Let p be ((-2)/8)/((-2)/y). Calculate the greatest common factor of 11 and p.
1
Let w(u) = -u**3 + 18*u**2 + 20*u + 137. Let s be w(19). Calculate the highest common divisor of 2 and s.
2
Let m(z) = z**2 - 4*z + 16. Let k be m(4). Calculate the highest common divisor of k and 208.
16
Let m = 1024 - 937. Calculate the greatest common factor of m and 1392.
87
Suppose 47 = 6*u - 19. Suppose -4*b + 728 = 4*l, 2*b = -0*b - 4*l + 354. What is the highest common factor of u and b?
11
Suppose 0 = k + 1, 4*u + 4 = 6*u + 2*k. Suppose -u*b - 76 + 439 = 0. Calculate the highest common divisor of 11 and b.
11
Let o = 292 - 160. Let u = o - 22. Let y = -24 + 34. Calculate the highest common factor of y and u.
10
Suppose -4*c = 4*w - 336, 2*c + 177 = -5*w + 588. Calculate the greatest common factor of w and 135.
27
Suppose 54*b - 306 = 342. Let l(m) = -m**3 + 3. Let z be l(0). What is the greatest common divisor of z and b?
3
Suppose -58 = -3*h + 4*v, -3*v - 52 = -3*h + 5. Suppose -3*l = h - 24. What is the greatest common divisor of 3 and l?
1
Let y be 120/(-320) + 822/16. What is the highest common factor of 867 and y?
51
Suppose 6*m + 240 = m - 5*g, -4*m = 5*g + 191. Let j = m - -63. Let p be 1 - (-1 - (0 + 5)). What is the highest common divisor of j and p?
7
Let r be 38/6 + 2/(-6). Let y(c) = 13*c + 367. Let d be y(-25). What is the greatest common factor of r and d?
6
Let b(r) = 5*r + 31. Let o be b(-9). Let j be 8/o - 11538/(-126). What is the greatest common factor of 13 and j?
13
Suppose 2*s = -3*p + 249, -2*s = -3*p - 0*p - 255. Let l = s + -109. Calculate the highest common factor of 17 and l.
17
Let r = -81 + 121. Suppose 5 = -z + 10. Suppose -2*q = p - 26, z*q = 2*p - 1 - 6. What is the greatest common factor of p an